(b).
-7
Let t(j) = j + 4*j - 3*j + 5 - 3*j. Give t(6).
-1
Let l(g) = -2*g**3 - 3*g - 2. Let j(z) = -5*z**3 - 5*z - 3. Let s(o) = -3*j(o) + 5*l(o). Suppose -2*d + 54 - 56 = 0. Give s(d).
-6
Let f be 3/6*-2 - -7. Let x = 8 + -6. Let a(v) = 6*v**2 + x*v - v**3 - 5*v + 4 + 2*v. What is a(f)?
-2
Let f(n) = -n**2 - 3*n + 7. Suppose 113 = 5*v + 138. Calculate f(v).
-3
Let y(u) be the first derivative of -3*u**5/10 - u**3/3 + u**2/2 + 2*u - 7. Let g(i) be the first derivative of y(i). What is g(1)?
-7
Let p be 4/(-6) - (-14)/3. Suppose l + l + p = 0. Let w(s) be the first derivative of -s**2/2 + s - 2. Give w(l).
3
Let a(l) = 13*l**3 + l - 5 + 4 + 4*l**2 + 14*l**3 - 26*l**3. Suppose -2*q = 13 - 7. Determine a(q).
5
Let h(x) = 5*x**3 + 3*x**2 - 3*x - 4. Let k(s) = -4 + 2 - 1 + 4*s**2 + 6*s**3 - 1 - 4*s. Let o(u) = 5*h(u) - 4*k(u). Determine o(0).
-4
Let q(d) be the third derivative of 1/30*d**5 - 1/12*d**4 - 4*d**2 + 2/3*d**3 + 0 + 1/120*d**6 + 0*d. Determine q(-3).
1
Let r(n) be the second derivative of n**7/2520 + 7*n**6/720 + n**5/20 + 7*n**4/12 + 9*n. Let s(x) be the third derivative of r(x). Calculate s(-6).
0
Let d(n) = 5*n + 1. Suppose -v = 4*v. Suppose r + 0*r + 2 = v. Calculate d(r).
-9
Let n(p) = -16*p - 45. Let x(y) = -3*y - 9. Let v(o) = -2*n(o) + 11*x(o). What is v(-6)?
-3
Let u(s) = -s**3 + 2*s**2 - 3*s + 3. Suppose 2 = 2*f - 3*y + 4*y, -5*f + 20 = -5*y. Let c be u(f). Let m = 7 + c. Let i(z) = z**2 - 4*z + 5. Calculate i(m).
5
Let m(p) = p**3 - 6*p**2 + p - 1. Let w(h) = -h**3 - 2*h**2 - 3*h - 1. Let z be w(-2). Suppose -9 + 2 = -o + u, z*u = 3*o - 23. Give m(o).
5
Let r(l) be the third derivative of -l**4/4 - l**3/3 - 3*l**2. Calculate r(-2).
10
Let l(c) = c**3 + 4*c**2 + 2*c + 2. Let f = 6 + -3. Let t = -1 - f. Calculate l(t).
-6
Let q(v) = 6*v + 1. Let k(d) = 7*d**3 + d**2 - 1. Let s be k(-1). Let b = s + 6. Let i be q(b). Let r(o) = -o**3 - 5*o**2 - 2*o. Give r(i).
10
Let g(w) = w**2 - 8*w + 7. Suppose 6*a = 53 - 11. Calculate g(a).
0
Let w(y) = -y - 1. Let x(s) = s + 1. Let t(i) = w(i) + 3*x(i). Let v = 6 + -9. What is t(v)?
-4
Let a(g) = -502 + 502 - 2*g + g**2. Let w be ((-1)/2)/(2/8). Determine a(w).
8
Let l(m) = 3*m**3 + 5*m**2 + 2*m + 3. Let d(o) = o**3 + o**2 + 1. Let z(n) = 2*d(n) - l(n). Calculate z(-3).
5
Let h be (-3 - -2)*2/(-2). Let x(a) = a - 2. Give x(h).
-1
Suppose -3*w + 8 = 4*f, 4*f + w = 2*w + 8. Suppose 5*v = -1 + 11. Let n(m) = -5 - v*m**2 - m + 3*m**2 + f*m. Determine n(0).
-5
Let q be 0 - (-4)/((-1)/(-1)). Let w(o) be the first derivative of -o**2/2 - 11. Give w(q).
-4
Let i(l) = -l**3 - 12*l**2 + 13*l + 4. Let f be i(-13). Let o(h) be the second derivative of 0 - h + 2*h**2 - 5/6*h**3 + 1/12*h**4. Calculate o(f).
0
Let k(z) be the third derivative of 0*z + 1/8*z**4 - 2*z**2 + 0 + 1/15*z**5 + 0*z**3. Determine k(-2).
10
Let j = 46 - 43. Let l(o) = -o**2 + 6*o - 1. What is l(j)?
8
Let n(g) = -376*g - 1 + 381*g + 3 + g**2. Give n(-4).
-2
Let y(k) be the third derivative of 1/120*k**6 + 2*k**2 + 0*k - 1/15*k**5 + 0*k**3 - 1/6*k**4 + 0. Determine y(5).
5
Suppose 0 = -4*a + 4*g - 20, 20 = -0*a + 2*a + 4*g. Let f be 1 - a - 4/(-4). Let x(i) = -2*i + 0 - i**f + 4 - 3. Calculate x(-2).
1
Let l be 15/3*1 + -1. Let v(s) = 2*s**2 - 4*s - 5. Give v(l).
11
Let o(w) be the second derivative of w**3/3 + 10*w. Determine o(-6).
-12
Let w(t) = -t - 4 + 5*t + t**2 + 8. Let f be 20/(-12)*(2 + 1). Calculate w(f).
9
Let o be -3 + (-1)/(1 + -2). Let i(c) = -2*c**2 - 3*c - 3. Determine i(o).
-5
Let m be 1 + (-2 - (-2)/2). Let q(y) = -3*y + m + 0 - 1. Calculate q(-2).
5
Let x(f) = f**3 + 4*f**2 + 5*f. Let d(y) = 5*y**3 + 16*y**2 + 21*y. Let h(v) = -2*d(v) + 9*x(v). What is h(-2)?
18
Let h(z) be the first derivative of -z**3/6 - 3*z + 1. Let k(m) be the first derivative of h(m). Let y(o) = o**2 + 2*o - 1. Let p be y(-3). What is k(p)?
-2
Let d(h) = -4*h**3 - 6*h**2 - 6*h - 1. Let n(b) = 7*b**3 + 12*b**2 + 12*b + 1. Let a(t) = 5*d(t) + 3*n(t). Let w = -4 - -5. Let p be -2 - 3/1*w. Calculate a(p).
-7
Let c = -31 - -63. Suppose 3*m = 10 - 28. Let u be m/(-21) - c/14. Let k(p) = p**2 + 4*p. Determine k(u).
-4
Let f(n) be the third derivative of -n**6/120 + n**5/10 + n**4/24 - 7*n**3/6 + 5*n**2. Let a be f(6). Let t(b) = 7*b**3 + 2*b**2 - 1. What is t(a)?
-6
Let w(d) = -3*d**2 - d - 7. Suppose -5*x + 24 = 4. Let o = x + 1. Let h(z) = 5*z**2 + 2*z + 11. Let i(n) = o*h(n) + 8*w(n). Give i(2).
7
Let z(i) = -7*i**2 + i. Suppose -19 = -4*w + 1. Suppose 0 = -a, 3*a - a = -w*g + 20. Let h = 3 - g. What is z(h)?
-8
Let c(h) be the first derivative of -h**4 - h**2/2 + h - 7. Calculate c(1).
-4
Let f be (-2)/(-12)*2/4. Let r(b) be the third derivative of f*b**4 + 0 - b**2 + 0*b + 0*b**3. Calculate r(2).
4
Let d(i) = 1188*i**2 - 1 - 3 + i + i**3 - 1196*i**2. Give d(8).
4
Suppose -2*s = 4*f - 26, -3*f + 2 = -2*f - s. Let g(h) = -h + 2. Let u be g(0). Let a(j) = -4*j**u - 6*j + 2*j**3 - j - j**3 + 3. Determine a(f).
-7
Let d(x) = -2*x - 3. Let i(g) = -g - 3. Let y be i(-5). Suppose 0*h - 4 = 3*a - 4*h, y*h = a. Give d(a).
5
Let r(x) be the second derivative of -x**5/10 + x**4/6 + x**3/2 - x**2 - 6*x. Give r(2).
-4
Let j = 18 - 3. Let f = 12 - j. Let g(y) = -2*y + 3. Determine g(f).
9
Let j(v) be the first derivative of v**4/4 - 2*v**3/3 + v**2 - 4*v - 2. Let d be 1/(-3)*(-39 + 9). Suppose -4*f + 4*t + 18 = t, -2*t = -2*f + d. Calculate j(f).
11
Let j(g) = -g + 10. Let q be j(10). Suppose 4*c - 5*c - d - 2 = q, -12 = 4*c + 3*d. Let b(k) = k**2 + 7*k + 1. What is b(c)?
-5
Suppose 5*r + 33 = -4*o, -5*r + 0*r - 21 = -2*o. Let x(w) = -2*w**3 - 2*w**2 + 2*w + 3. What is x(o)?
7
Let l be (6/(-3))/(18/4 + -4). Let y(u) be the first derivative of -1/3*u**3 + 3*u - 2 - u**2. Give y(l).
-5
Let s(r) = -3*r - r + r**2 + 3*r + 1. Let g be s(2). Let v(i) = i**3 - 3*i**2 + 2. Give v(g).
2
Suppose 3*r + 0 - 1 = -4*y, r - 4 = -5*y. Let w = -23 + 23. Let m(z) = -2*z - 6*z**3 - 20*z**2 + 1 + 22*z**2 + w. Determine m(y).
-5
Let w be (2/6)/(2/6). Let s(q) = -3*q + 2*q + w + 3. Let g be (-3*(-12)/45)/((-1)/(-5)). Give s(g).
0
Let h(g) = g**2 + 6*g - 2. Suppose -19 = -9*f - 82. Give h(f).
5
Let g(x) = -8*x - 2. Let t be g(-1). Suppose -q = -2*q + t. Let z(f) = -f**2 + 6*f - 4. What is z(q)?
-4
Let o be 5 + 15/(-5) - 0. Let c(q) = -3*q**2 + q. Calculate c(o).
-10
Let h(f) be the first derivative of -f**6/360 + f**5/15 - f**4/12 + f**3 + 7. Let d(y) be the third derivative of h(y). What is d(8)?
-2
Let y(g) = -g**3 - 6*g**2 + g + 29. Let m be y(-5). Let c(u) = -u**3 - u**2 - u. Calculate c(m).
1
Let k(i) = -i**2 + 5*i + 8. Suppose 9*q - 28 = 26. Determine k(q).
2
Suppose -13 + 19 = 3*f. Suppose 5*r + 37 = -3*w, -f*r - 6 = -w - 0*r. Let m(v) = -v**3 - 5*v**2 - 5*v - 1. Give m(w).
3
Let a(i) = -7. Let o(m) = m - 14. Let q(f) = -5*a(f) + 3*o(f). What is q(5)?
8
Let j be (-1)/(-3*2/(-18)). Let c(k) be the first derivative of k**4/4 + 4*k**3/3 + k**2/2 - k - 2. Determine c(j).
5
Let t(a) = -9*a**2 + 6*a - 7. Let y(d) = -13*d**2 + 9*d - 10. Let i(h) = -7*t(h) + 5*y(h). Calculate i(2).
-3
Let j(u) = -3*u**2 + 6*u - 2. Let k(n) = 2*n**2 - 6*n + 1. Let r(t) = -3*j(t) - 4*k(t). Determine r(-5).
-3
Let g(r) be the third derivative of r**4/6 - r**2. Let s be (12/(-6))/(-3 - -1). What is g(s)?
4
Let p(x) = 2*x - 1. Let y = -1 - -2. Let q(k) = -k. Let g be q(y). Determine p(g).
-3
Suppose 5*o + 1 = 4*t + 2*o, 0 = -3*o - 9. Let v(y) = y**2 - 1 + 14*y - 25*y + 13*y. Calculate v(t).
-1
Let p(r) = 13*r**2 + 2*r + 3. Let h(j) = -25*j**2 - 3*j + 2 - 4 - 3. Let m(v) = -3*h(v) - 5*p(v). Determine m(-1).
11
Let w = -83 - -88. Let k(q) = -q - 7. Calculate k(w).
-12
Let w(c) = 3 - 5*c - c - c + 163*c**2 + c**3 - 158*c**2. Determine w(-6).
9
Let j(f) = f**3 + 2*f**3 + 3 - 4*f**3 - 2*f + f**2. Let t be j(2). Let u(x) = 2*x**2 + 2 - x**2 + 4*x - 5. Calculate u(t).
2
Let b(l) be the second derivative of -2/3*l**3 + 5*l + 0 + 1/12*l**4 + 5/2*l**2. Calculate b(4).
5
Let t(u) = 2*u**2 - 3*u - 4. Let i(v) be the second derivative of v**4/12 + v**3/6 + v**2/2 - v. Let z(q) = -i(q) + t(q). Give z(4).
-5
Let r be 2/((1 - 0) + 1). Let n(y) = -4*y + r + 2*y + 0*y. Let m(h) = -h + 4. Let v be m(8). Determine n(v).
9
Let z(v) = v**3 + 8*v**2 + 8*v. Let k be -4*(-1 - -3) + 1 - 0. Calculate z(k).
-7
Let j(v) be the 